{"id":4123,"date":"2022-06-05T22:21:41","date_gmt":"2022-06-05T22:21:41","guid":{"rendered":"https:\/\/academilhas.com.br\/?page_id=4123"},"modified":"2022-06-05T22:23:12","modified_gmt":"2022-06-05T22:23:12","slug":"cotacao","status":"publish","type":"page","link":"https:\/\/academilhas.com.br\/curso\/cotacao\/","title":{"rendered":"Cota\u00e7\u00e3o"},"content":{"rendered":"\t\t<div data-elementor-type=\"wp-page\" data-elementor-id=\"4123\" class=\"elementor elementor-4123\">\n\t\t\t\t\t\t<section class=\"elementor-section elementor-top-section elementor-element elementor-element-bcd7c2d elementor-section-boxed elementor-section-height-default elementor-section-height-default\" data-id=\"bcd7c2d\" data-element_type=\"section\" data-settings=\"{&quot;background_background&quot;:&quot;classic&quot;}\">\n\t\t\t\t\t\t\t<div class=\"elementor-background-overlay\"><\/div>\n\t\t\t\t\t\t\t<div class=\"elementor-container elementor-column-gap-default\">\n\t\t\t\t\t<div class=\"elementor-column elementor-col-100 elementor-top-column elementor-element elementor-element-fd961c6\" data-id=\"fd961c6\" data-element_type=\"column\">\n\t\t\t<div class=\"elementor-widget-wrap elementor-element-populated\">\n\t\t\t\t\t\t<div class=\"elementor-element elementor-element-5fadd19 elementor-widget elementor-widget-heading\" data-id=\"5fadd19\" data-element_type=\"widget\" data-widget_type=\"heading.default\">\n\t\t\t\t<div class=\"elementor-widget-container\">\n\t\t\t\t\t<h3 class=\"elementor-heading-title elementor-size-xl\">Fa\u00e7a sua cota\u00e7\u00e3o!<\/h3>\t\t\t\t<\/div>\n\t\t\t\t<\/div>\n\t\t\t\t<div class=\"elementor-element elementor-element-a13a4a3 elementor-widget elementor-widget-heading\" data-id=\"a13a4a3\" data-element_type=\"widget\" data-widget_type=\"heading.default\">\n\t\t\t\t<div class=\"elementor-widget-container\">\n\t\t\t\t\t<h1 class=\"elementor-heading-title elementor-size-default\">Passagens a\u00e9ras com at\u00e9 50% OFF<\/h1>\t\t\t\t<\/div>\n\t\t\t\t<\/div>\n\t\t\t\t\t<\/div>\n\t\t<\/div>\n\t\t\t\t\t<\/div>\n\t\t<\/section>\n\t\t\t\t<section class=\"elementor-section elementor-top-section elementor-element elementor-element-306e405 elementor-section-boxed elementor-section-height-default elementor-section-height-default\" data-id=\"306e405\" data-element_type=\"section\">\n\t\t\t\t\t\t<div class=\"elementor-container elementor-column-gap-default\">\n\t\t\t\t\t<div class=\"elementor-column elementor-col-100 elementor-top-column elementor-element elementor-element-d284695\" data-id=\"d284695\" data-element_type=\"column\">\n\t\t\t<div class=\"elementor-widget-wrap elementor-element-populated\">\n\t\t\t\t\t\t<div class=\"elementor-element elementor-element-5211139 eael-contact-form-7-button-align-center elementor-widget__width-initial eael-contact-form-7-button-custom elementor-widget elementor-widget-eael-contact-form-7\" data-id=\"5211139\" data-element_type=\"widget\" data-widget_type=\"eael-contact-form-7.default\">\n\t\t\t\t<div class=\"elementor-widget-container\">\n\t\t\t\t\t<div class=\"eael-contact-form-7-wrapper\">\n                <div class=\"eael-contact-form eael-contact-form-7 eael-contact-form-5211139 placeholder-show eael-contact-form-align-center\">\n<div class=\"wpcf7 no-js\" id=\"wpcf7-f3686-o1\" lang=\"pt-BR\" dir=\"ltr\" data-wpcf7-id=\"3686\">\n<div class=\"screen-reader-response\"><p role=\"status\" aria-live=\"polite\" aria-atomic=\"true\"><\/p> <ul><\/ul><\/div>\n<form action=\"\/curso\/wp-json\/wp\/v2\/pages\/4123#wpcf7-f3686-o1\" method=\"post\" class=\"wpcf7-form init\" aria-label=\"Formul\u00e1rios de contato\" novalidate=\"novalidate\" data-status=\"init\">\n<div style=\"display: none;\">\n<input type=\"hidden\" name=\"_wpcf7\" value=\"3686\" \/>\n<input type=\"hidden\" name=\"_wpcf7_version\" value=\"6.0.6\" \/>\n<input type=\"hidden\" name=\"_wpcf7_locale\" value=\"pt_BR\" \/>\n<input type=\"hidden\" name=\"_wpcf7_unit_tag\" value=\"wpcf7-f3686-o1\" \/>\n<input type=\"hidden\" name=\"_wpcf7_container_post\" value=\"0\" \/>\n<input type=\"hidden\" name=\"_wpcf7_posted_data_hash\" value=\"\" \/>\n<\/div>\n<p><label> Seu nome<br \/>\n<span class=\"wpcf7-form-control-wrap\" data-name=\"your-name\"><input size=\"40\" maxlength=\"400\" class=\"wpcf7-form-control wpcf7-text wpcf7-validates-as-required\" aria-required=\"true\" aria-invalid=\"false\" value=\"\" type=\"text\" name=\"your-name\" \/><\/span> <\/label>\n<\/p>\n<p><label> Seu e-mail<br \/>\n<span class=\"wpcf7-form-control-wrap\" data-name=\"your-email\"><input size=\"40\" maxlength=\"400\" class=\"wpcf7-form-control wpcf7-email wpcf7-validates-as-required wpcf7-text wpcf7-validates-as-email\" aria-required=\"true\" aria-invalid=\"false\" value=\"\" type=\"email\" name=\"your-email\" \/><\/span> <\/label>\n<\/p>\n<p><label> Seu telefone (WhatsApp, se tiver)<br \/>\n<span class=\"wpcf7-form-control-wrap\" data-name=\"tel-401\"><input size=\"40\" maxlength=\"400\" class=\"wpcf7-form-control wpcf7-tel wpcf7-validates-as-required wpcf7-text wpcf7-validates-as-tel\" aria-required=\"true\" aria-invalid=\"false\" value=\"\" type=\"tel\" name=\"tel-401\" \/><\/span> <\/label>\n<\/p>\n<p><label> Data Prevista (ida)<br \/>\n<span class=\"wpcf7-form-control-wrap\" data-name=\"date-984\"><input class=\"wpcf7-form-control wpcf7-date wpcf7-validates-as-date\" min=\"2021-09-09\" max=\"2022-12-31\" aria-invalid=\"false\" value=\"\" type=\"date\" name=\"date-984\" \/><\/span> <\/label>\n<\/p>\n<p><label> Data Prevista (ida)<br \/>\n<span class=\"wpcf7-form-control-wrap\" data-name=\"date-227\"><input class=\"wpcf7-form-control wpcf7-date wpcf7-validates-as-required wpcf7-validates-as-date\" min=\"2021-09-09\" max=\"2022-12-09\" aria-required=\"true\" aria-invalid=\"false\" value=\"\" type=\"date\" name=\"date-227\" \/><\/span> <\/label>\n<\/p>\n<p><label> Origem<br \/>\n<span class=\"wpcf7-form-control-wrap\" data-name=\"text-326\"><input size=\"40\" maxlength=\"400\" class=\"wpcf7-form-control wpcf7-text wpcf7-validates-as-required\" aria-required=\"true\" aria-invalid=\"false\" value=\"\" type=\"text\" name=\"text-326\" \/><\/span> <\/label>\n<\/p>\n<p><label> Destino<br \/>\n<span class=\"wpcf7-form-control-wrap\" data-name=\"text-327\"><input size=\"40\" maxlength=\"400\" class=\"wpcf7-form-control wpcf7-text wpcf7-validates-as-required\" aria-required=\"true\" aria-invalid=\"false\" value=\"\" type=\"text\" name=\"text-327\" \/><\/span> <\/label>\n<\/p>\n<p><label> Quantidade de Pessoas (adultos\/crian\u00e7a)<br \/>\n<span class=\"wpcf7-form-control-wrap\" data-name=\"text-469\"><input size=\"40\" maxlength=\"400\" class=\"wpcf7-form-control wpcf7-text wpcf7-validates-as-required\" aria-required=\"true\" aria-invalid=\"false\" value=\"\" type=\"text\" name=\"text-469\" \/><\/span> <\/label>\n<\/p>\n<p><label> Malas para Despachar? Se sim, quantas? (adultos\/crian\u00e7a)<br \/>\n<span class=\"wpcf7-form-control-wrap\" data-name=\"text-467\"><input size=\"40\" maxlength=\"400\" class=\"wpcf7-form-control wpcf7-text wpcf7-validates-as-required\" aria-required=\"true\" aria-invalid=\"false\" value=\"\" type=\"text\" name=\"text-467\" \/><\/span> <\/label>\n<\/p>\n<p><label> Detalhes da sua viagem (opcional)<br \/>\n<span class=\"wpcf7-form-control-wrap\" data-name=\"your-message\"><textarea cols=\"40\" rows=\"10\" maxlength=\"2000\" class=\"wpcf7-form-control wpcf7-textarea\" aria-invalid=\"false\" name=\"your-message\"><\/textarea><\/span> <\/label>\n<\/p>\n<p><input class=\"wpcf7-form-control wpcf7-submit has-spinner\" type=\"submit\" value=\"Enviar\" \/>\n<\/p><div class=\"wpcf7-response-output\" aria-hidden=\"true\"><\/div>\n<\/form>\n<\/div>\n<\/div>\n            <\/div>\t\t\t\t<\/div>\n\t\t\t\t<\/div>\n\t\t\t\t<div class=\"elementor-element elementor-element-0ae7c99 elementor-widget elementor-widget-spacer\" data-id=\"0ae7c99\" data-element_type=\"widget\" data-widget_type=\"spacer.default\">\n\t\t\t\t<div class=\"elementor-widget-container\">\n\t\t\t\t\t\t\t<div class=\"elementor-spacer\">\n\t\t\t<div class=\"elementor-spacer-inner\"><\/div>\n\t\t<\/div>\n\t\t\t\t\t\t<\/div>\n\t\t\t\t<\/div>\n\t\t\t\t<div class=\"elementor-element elementor-element-2181f0c elementor-widget elementor-widget-heading\" data-id=\"2181f0c\" data-element_type=\"widget\" data-widget_type=\"heading.default\">\n\t\t\t\t<div class=\"elementor-widget-container\">\n\t\t\t\t\t<h3 class=\"elementor-heading-title elementor-size-default\"> \ud83d\udd3d Para quem tem pressa  \ud83d\udd3d<\/h3>\t\t\t\t<\/div>\n\t\t\t\t<\/div>\n\t\t\t\t<div class=\"elementor-element elementor-element-46cc094 elementor-align-center elementor-widget elementor-widget-button\" data-id=\"46cc094\" data-element_type=\"widget\" data-widget_type=\"button.default\">\n\t\t\t\t<div class=\"elementor-widget-container\">\n\t\t\t\t\t\t\t\t\t<div class=\"elementor-button-wrapper\">\n\t\t\t\t\t<a class=\"elementor-button elementor-button-link elementor-size-md\" href=\"https:\/\/wa.me\/5521969532085\" target=\"_blank\">\n\t\t\t\t\t\t<span class=\"elementor-button-content-wrapper\">\n\t\t\t\t\t\t\t\t\t<span class=\"elementor-button-text\">Fa\u00e7a sua cota\u00e7\u00e3o express<\/span>\n\t\t\t\t\t<\/span>\n\t\t\t\t\t<\/a>\n\t\t\t\t<\/div>\n\t\t\t\t\t\t\t\t<\/div>\n\t\t\t\t<\/div>\n\t\t\t\t\t<\/div>\n\t\t<\/div>\n\t\t\t\t\t<\/div>\n\t\t<\/section>\n\t\t\t\t<\/div>\n\t\t","protected":false},"excerpt":{"rendered":"<p>Fa\u00e7a sua cota\u00e7\u00e3o! Passagens a\u00e9ras com at\u00e9 50% OFF Seu nome Seu e-mail Seu telefone (WhatsApp, se tiver) Data Prevista (ida) Data Prevista (ida) Origem Destino Quantidade de Pessoas (adultos\/crian\u00e7a) Malas para Despachar? Se sim, quantas? (adultos\/crian\u00e7a) Detalhes da sua viagem (opcional) ???? Para quem tem pressa ???? Fa\u00e7a sua cota\u00e7\u00e3o express<\/p>\n","protected":false},"author":1,"featured_media":0,"parent":0,"menu_order":0,"comment_status":"closed","ping_status":"closed","template":"","meta":{"_uag_custom_page_level_css":"","site-sidebar-layout":"no-sidebar","site-content-layout":"page-builder","ast-global-header-display":"","ast-main-header-display":"","ast-hfb-above-header-display":"","ast-hfb-below-header-display":"","ast-hfb-mobile-header-display":"","site-post-title":"disabled","ast-breadcrumbs-content":"","ast-featured-img":"disabled","footer-sml-layout":"","theme-transparent-header-meta":"default","adv-header-id-meta":"","stick-header-meta":"","header-above-stick-meta":"","header-main-stick-meta":"","header-below-stick-meta":"","footnotes":""},"class_list":["post-4123","page","type-page","status-publish","hentry"],"yoast_head":"<!-- This site is optimized with the Yoast SEO plugin v26.9 - https:\/\/yoast.com\/product\/yoast-seo-wordpress\/ -->\n<title>Cota\u00e7\u00e3o - Curso Academilhas<\/title>\n<meta name=\"robots\" content=\"index, follow, max-snippet:-1, max-image-preview:large, max-video-preview:-1\" \/>\n<link rel=\"canonical\" href=\"https:\/\/academilhas.com.br\/curso\/cotacao\/\" \/>\n<meta property=\"og:locale\" content=\"pt_BR\" \/>\n<meta property=\"og:type\" content=\"article\" \/>\n<meta property=\"og:title\" content=\"Cota\u00e7\u00e3o - Curso Academilhas\" \/>\n<meta property=\"og:description\" content=\"Fa\u00e7a sua cota\u00e7\u00e3o! Passagens a\u00e9ras com at\u00e9 50% OFF Seu nome Seu e-mail Seu telefone (WhatsApp, se tiver) Data Prevista (ida) Data Prevista (ida) Origem Destino Quantidade de Pessoas (adultos\/crian\u00e7a) Malas para Despachar? Se sim, quantas? (adultos\/crian\u00e7a) Detalhes da sua viagem (opcional) ???? Para quem tem pressa ???? Fa\u00e7a sua cota\u00e7\u00e3o express\" \/>\n<meta property=\"og:url\" content=\"https:\/\/academilhas.com.br\/curso\/cotacao\/\" \/>\n<meta property=\"og:site_name\" content=\"Curso Academilhas\" \/>\n<meta property=\"article:modified_time\" content=\"2022-06-05T22:23:12+00:00\" \/>\n<meta name=\"twitter:card\" content=\"summary_large_image\" \/>\n<meta name=\"twitter:label1\" content=\"Est. tempo de leitura\" \/>\n\t<meta name=\"twitter:data1\" content=\"1 minuto\" \/>\n<script type=\"application\/ld+json\" class=\"yoast-schema-graph\">{\"@context\":\"https:\/\/schema.org\",\"@graph\":[{\"@type\":\"WebPage\",\"@id\":\"https:\/\/academilhas.com.br\/curso\/cotacao\/\",\"url\":\"https:\/\/academilhas.com.br\/curso\/cotacao\/\",\"name\":\"Cota\u00e7\u00e3o - Curso Academilhas\",\"isPartOf\":{\"@id\":\"https:\/\/academilhas.com.br\/curso\/#website\"},\"datePublished\":\"2022-06-05T22:21:41+00:00\",\"dateModified\":\"2022-06-05T22:23:12+00:00\",\"breadcrumb\":{\"@id\":\"https:\/\/academilhas.com.br\/curso\/cotacao\/#breadcrumb\"},\"inLanguage\":\"pt-BR\",\"potentialAction\":[{\"@type\":\"ReadAction\",\"target\":[\"https:\/\/academilhas.com.br\/curso\/cotacao\/\"]}]},{\"@type\":\"BreadcrumbList\",\"@id\":\"https:\/\/academilhas.com.br\/curso\/cotacao\/#breadcrumb\",\"itemListElement\":[{\"@type\":\"ListItem\",\"position\":1,\"name\":\"In\u00edcio\",\"item\":\"https:\/\/academilhas.com.br\/curso\/\"},{\"@type\":\"ListItem\",\"position\":2,\"name\":\"Cota\u00e7\u00e3o\"}]},{\"@type\":\"WebSite\",\"@id\":\"https:\/\/academilhas.com.br\/curso\/#website\",\"url\":\"https:\/\/academilhas.com.br\/curso\/\",\"name\":\"Curso Academilhas\",\"description\":\"Curso Online\",\"publisher\":{\"@id\":\"https:\/\/academilhas.com.br\/curso\/#organization\"},\"potentialAction\":[{\"@type\":\"SearchAction\",\"target\":{\"@type\":\"EntryPoint\",\"urlTemplate\":\"https:\/\/academilhas.com.br\/curso\/?s={search_term_string}\"},\"query-input\":{\"@type\":\"PropertyValueSpecification\",\"valueRequired\":true,\"valueName\":\"search_term_string\"}}],\"inLanguage\":\"pt-BR\"},{\"@type\":\"Organization\",\"@id\":\"https:\/\/academilhas.com.br\/curso\/#organization\",\"name\":\"Curso Academilhas\",\"url\":\"https:\/\/academilhas.com.br\/curso\/\",\"logo\":{\"@type\":\"ImageObject\",\"inLanguage\":\"pt-BR\",\"@id\":\"https:\/\/academilhas.com.br\/curso\/#\/schema\/logo\/image\/\",\"url\":\"https:\/\/academilhas.com.br\/curso\/wp-content\/uploads\/2020\/01\/logo-academilhas-curso-para-acumular-milhas.png\",\"contentUrl\":\"https:\/\/academilhas.com.br\/curso\/wp-content\/uploads\/2020\/01\/logo-academilhas-curso-para-acumular-milhas.png\",\"width\":300,\"height\":50,\"caption\":\"Curso Academilhas\"},\"image\":{\"@id\":\"https:\/\/academilhas.com.br\/curso\/#\/schema\/logo\/image\/\"}}]}<\/script>\n<!-- \/ Yoast SEO plugin. -->","yoast_head_json":{"title":"Cota\u00e7\u00e3o - Curso Academilhas","robots":{"index":"index","follow":"follow","max-snippet":"max-snippet:-1","max-image-preview":"max-image-preview:large","max-video-preview":"max-video-preview:-1"},"canonical":"https:\/\/academilhas.com.br\/curso\/cotacao\/","og_locale":"pt_BR","og_type":"article","og_title":"Cota\u00e7\u00e3o - Curso Academilhas","og_description":"Fa\u00e7a sua cota\u00e7\u00e3o! Passagens a\u00e9ras com at\u00e9 50% OFF Seu nome Seu e-mail Seu telefone (WhatsApp, se tiver) Data Prevista (ida) Data Prevista (ida) Origem Destino Quantidade de Pessoas (adultos\/crian\u00e7a) Malas para Despachar? Se sim, quantas? (adultos\/crian\u00e7a) Detalhes da sua viagem (opcional) ???? Para quem tem pressa ???? Fa\u00e7a sua cota\u00e7\u00e3o express","og_url":"https:\/\/academilhas.com.br\/curso\/cotacao\/","og_site_name":"Curso Academilhas","article_modified_time":"2022-06-05T22:23:12+00:00","twitter_card":"summary_large_image","twitter_misc":{"Est. tempo de leitura":"1 minuto"},"schema":{"@context":"https:\/\/schema.org","@graph":[{"@type":"WebPage","@id":"https:\/\/academilhas.com.br\/curso\/cotacao\/","url":"https:\/\/academilhas.com.br\/curso\/cotacao\/","name":"Cota\u00e7\u00e3o - Curso Academilhas","isPartOf":{"@id":"https:\/\/academilhas.com.br\/curso\/#website"},"datePublished":"2022-06-05T22:21:41+00:00","dateModified":"2022-06-05T22:23:12+00:00","breadcrumb":{"@id":"https:\/\/academilhas.com.br\/curso\/cotacao\/#breadcrumb"},"inLanguage":"pt-BR","potentialAction":[{"@type":"ReadAction","target":["https:\/\/academilhas.com.br\/curso\/cotacao\/"]}]},{"@type":"BreadcrumbList","@id":"https:\/\/academilhas.com.br\/curso\/cotacao\/#breadcrumb","itemListElement":[{"@type":"ListItem","position":1,"name":"In\u00edcio","item":"https:\/\/academilhas.com.br\/curso\/"},{"@type":"ListItem","position":2,"name":"Cota\u00e7\u00e3o"}]},{"@type":"WebSite","@id":"https:\/\/academilhas.com.br\/curso\/#website","url":"https:\/\/academilhas.com.br\/curso\/","name":"Curso Academilhas","description":"Curso Online","publisher":{"@id":"https:\/\/academilhas.com.br\/curso\/#organization"},"potentialAction":[{"@type":"SearchAction","target":{"@type":"EntryPoint","urlTemplate":"https:\/\/academilhas.com.br\/curso\/?s={search_term_string}"},"query-input":{"@type":"PropertyValueSpecification","valueRequired":true,"valueName":"search_term_string"}}],"inLanguage":"pt-BR"},{"@type":"Organization","@id":"https:\/\/academilhas.com.br\/curso\/#organization","name":"Curso Academilhas","url":"https:\/\/academilhas.com.br\/curso\/","logo":{"@type":"ImageObject","inLanguage":"pt-BR","@id":"https:\/\/academilhas.com.br\/curso\/#\/schema\/logo\/image\/","url":"https:\/\/academilhas.com.br\/curso\/wp-content\/uploads\/2020\/01\/logo-academilhas-curso-para-acumular-milhas.png","contentUrl":"https:\/\/academilhas.com.br\/curso\/wp-content\/uploads\/2020\/01\/logo-academilhas-curso-para-acumular-milhas.png","width":300,"height":50,"caption":"Curso Academilhas"},"image":{"@id":"https:\/\/academilhas.com.br\/curso\/#\/schema\/logo\/image\/"}}]}},"uagb_featured_image_src":{"full":false,"thumbnail":false,"medium":false,"medium_large":false,"large":false,"trip-thumb-size":false,"destination-thumb-size":false,"destination-thumb-trip-size":false,"activities-thumb-size":false,"trip-single-size":false,"1536x1536":false,"2048x2048":false,"woocommerce_thumbnail":false,"woocommerce_single":false,"woocommerce_gallery_thumbnail":false,"ppec_logo_image_size":false,"ppec_header_image_size":false},"uagb_author_info":{"display_name":"admin","author_link":"https:\/\/academilhas.com.br\/curso\/author\/admin\/"},"uagb_comment_info":0,"uagb_excerpt":"Fa\u00e7a sua cota\u00e7\u00e3o! Passagens a\u00e9ras com at\u00e9 50% OFF Seu nome Seu e-mail Seu telefone (WhatsApp, se tiver) Data Prevista (ida) Data Prevista (ida) Origem Destino Quantidade de Pessoas (adultos\/crian\u00e7a) Malas para Despachar? Se sim, quantas? (adultos\/crian\u00e7a) Detalhes da sua viagem (opcional) ???? Para quem tem pressa ???? Fa\u00e7a sua cota\u00e7\u00e3o express","_links":{"self":[{"href":"https:\/\/academilhas.com.br\/curso\/wp-json\/wp\/v2\/pages\/4123","targetHints":{"allow":["GET"]}}],"collection":[{"href":"https:\/\/academilhas.com.br\/curso\/wp-json\/wp\/v2\/pages"}],"about":[{"href":"https:\/\/academilhas.com.br\/curso\/wp-json\/wp\/v2\/types\/page"}],"author":[{"embeddable":true,"href":"https:\/\/academilhas.com.br\/curso\/wp-json\/wp\/v2\/users\/1"}],"replies":[{"embeddable":true,"href":"https:\/\/academilhas.com.br\/curso\/wp-json\/wp\/v2\/comments?post=4123"}],"version-history":[{"count":13,"href":"https:\/\/academilhas.com.br\/curso\/wp-json\/wp\/v2\/pages\/4123\/revisions"}],"predecessor-version":[{"id":4149,"href":"https:\/\/academilhas.com.br\/curso\/wp-json\/wp\/v2\/pages\/4123\/revisions\/4149"}],"wp:attachment":[{"href":"https:\/\/academilhas.com.br\/curso\/wp-json\/wp\/v2\/media?parent=4123"}],"curies":[{"name":"wp","href":"https:\/\/api.w.org\/{rel}","templated":true}]}}