{"id":3547,"date":"2021-07-07T03:08:06","date_gmt":"2021-07-07T03:08:06","guid":{"rendered":"https:\/\/academilhas.com.br\/?page_id=3547"},"modified":"2022-07-12T16:32:13","modified_gmt":"2022-07-12T16:32:13","slug":"calculadorademilhas","status":"publish","type":"page","link":"https:\/\/academilhas.com.br\/curso\/calculadorademilhas\/","title":{"rendered":"Calculadora de Milhas"},"content":{"rendered":"\t\t<div data-elementor-type=\"wp-page\" data-elementor-id=\"3547\" class=\"elementor elementor-3547\">\n\t\t\t\t\t\t<section class=\"elementor-section elementor-top-section elementor-element elementor-element-7f760bd elementor-section-boxed elementor-section-height-default elementor-section-height-default\" data-id=\"7f760bd\" data-element_type=\"section\">\n\t\t\t\t\t\t<div class=\"elementor-container elementor-column-gap-default\">\n\t\t\t\t\t<div class=\"elementor-column elementor-col-100 elementor-top-column elementor-element elementor-element-d0901e6\" data-id=\"d0901e6\" data-element_type=\"column\">\n\t\t\t<div class=\"elementor-widget-wrap elementor-element-populated\">\n\t\t\t\t\t\t<div class=\"elementor-element elementor-element-7af91c1 elementor-widget elementor-widget-image\" data-id=\"7af91c1\" data-element_type=\"widget\" data-widget_type=\"image.default\">\n\t\t\t\t<div class=\"elementor-widget-container\">\n\t\t\t\t\t\t\t\t\t\t\t\t\t\t\t<img fetchpriority=\"high\" decoding=\"async\" width=\"1024\" height=\"302\" src=\"https:\/\/academilhas.com.br\/curso\/wp-content\/uploads\/2022\/07\/top-view-tourist-items-arrangement-1024x302.jpg\" class=\"attachment-large size-large wp-image-4211\" alt=\"calculadora de milhas academilhas\" srcset=\"https:\/\/academilhas.com.br\/curso\/wp-content\/uploads\/2022\/07\/top-view-tourist-items-arrangement-1024x302.jpg 1024w, https:\/\/academilhas.com.br\/curso\/wp-content\/uploads\/2022\/07\/top-view-tourist-items-arrangement-300x89.jpg 300w, https:\/\/academilhas.com.br\/curso\/wp-content\/uploads\/2022\/07\/top-view-tourist-items-arrangement-768x227.jpg 768w, https:\/\/academilhas.com.br\/curso\/wp-content\/uploads\/2022\/07\/top-view-tourist-items-arrangement-600x177.jpg 600w, https:\/\/academilhas.com.br\/curso\/wp-content\/uploads\/2022\/07\/top-view-tourist-items-arrangement.jpg 1500w\" sizes=\"(max-width: 1024px) 100vw, 1024px\" \/>\t\t\t\t\t\t\t\t\t\t\t\t\t\t\t<\/div>\n\t\t\t\t<\/div>\n\t\t\t\t<div class=\"elementor-element elementor-element-89196ab elementor-widget elementor-widget-heading\" data-id=\"89196ab\" data-element_type=\"widget\" data-widget_type=\"heading.default\">\n\t\t\t\t<div class=\"elementor-widget-container\">\n\t\t\t\t\t<h2 class=\"elementor-heading-title elementor-size-default\">Quer saber quantas milhas voc\u00ea perde por ano?<\/h2>\t\t\t\t<\/div>\n\t\t\t\t<\/div>\n\t\t\t\t\t<\/div>\n\t\t<\/div>\n\t\t\t\t\t<\/div>\n\t\t<\/section>\n\t\t\t\t<section class=\"elementor-section elementor-top-section elementor-element elementor-element-5b04706 elementor-section-boxed elementor-section-height-default elementor-section-height-default\" data-id=\"5b04706\" data-element_type=\"section\">\n\t\t\t\t\t\t<div class=\"elementor-container elementor-column-gap-default\">\n\t\t\t\t\t<div class=\"elementor-column elementor-col-100 elementor-top-column elementor-element elementor-element-4b63913\" data-id=\"4b63913\" data-element_type=\"column\">\n\t\t\t<div class=\"elementor-widget-wrap elementor-element-populated\">\n\t\t\t\t\t\t<div class=\"elementor-element elementor-element-0e4ab1e elementor-widget elementor-widget-text-editor\" data-id=\"0e4ab1e\" data-element_type=\"widget\" data-widget_type=\"text-editor.default\">\n\t\t\t\t<div class=\"elementor-widget-container\">\n\t\t\t\t\t\t\t\t\t<h4 style=\"text-align: center;\">Acesse nossa Calculadora de Milhas, descubra o quanto de milhas voc\u00ea j\u00e1 perdeu<br \/>e para onde essas milhas podem te levar!<\/h4>\t\t\t\t\t\t\t\t<\/div>\n\t\t\t\t<\/div>\n\t\t\t\t\t<\/div>\n\t\t<\/div>\n\t\t\t\t\t<\/div>\n\t\t<\/section>\n\t\t\t\t<section class=\"elementor-section elementor-top-section elementor-element elementor-element-02e77b9 elementor-section-boxed elementor-section-height-default elementor-section-height-default\" data-id=\"02e77b9\" data-element_type=\"section\">\n\t\t\t\t\t\t<div class=\"elementor-container elementor-column-gap-default\">\n\t\t\t\t\t<div class=\"elementor-column elementor-col-33 elementor-top-column elementor-element elementor-element-9ef57f9\" data-id=\"9ef57f9\" data-element_type=\"column\">\n\t\t\t<div class=\"elementor-widget-wrap\">\n\t\t\t\t\t\t\t<\/div>\n\t\t<\/div>\n\t\t\t\t<div class=\"elementor-column elementor-col-33 elementor-top-column elementor-element elementor-element-d92dbd9\" data-id=\"d92dbd9\" data-element_type=\"column\">\n\t\t\t<div class=\"elementor-widget-wrap elementor-element-populated\">\n\t\t\t\t\t\t<div class=\"elementor-element elementor-element-41ebc2e elementor-widget elementor-widget-shortcode\" data-id=\"41ebc2e\" data-element_type=\"widget\" data-widget_type=\"shortcode.default\">\n\t\t\t\t<div class=\"elementor-widget-container\">\n\t\t\t\t\t\t\t<div class=\"elementor-shortcode\"><div class=\"wpforms-container \" id=\"wpforms-4225\"><form id=\"wpforms-form-4225\" class=\"wpforms-validate wpforms-form\" data-formid=\"4225\" method=\"post\" enctype=\"multipart\/form-data\" action=\"\/curso\/wp-json\/wp\/v2\/pages\/3547\" data-token=\"2eda3577f7e65744af25db513d38bf65\" data-token-time=\"1776956421\"><noscript class=\"wpforms-error-noscript\">Ative o JavaScript no seu navegador para preencher este formul\u00e1rio.<\/noscript><div class=\"wpforms-field-container\"><div id=\"wpforms-4225-field_1-container\" class=\"wpforms-field wpforms-field-name\" data-field-id=\"1\"><label class=\"wpforms-field-label\" for=\"wpforms-4225-field_1\">Nome Completo <span class=\"wpforms-required-label\">*<\/span><\/label><input type=\"text\" id=\"wpforms-4225-field_1\" class=\"wpforms-field-medium wpforms-field-required\" name=\"wpforms[fields][1]\" required><\/div><div id=\"wpforms-4225-field_2-container\" class=\"wpforms-field wpforms-field-email\" data-field-id=\"2\"><label class=\"wpforms-field-label\" for=\"wpforms-4225-field_2\">E-mail <span class=\"wpforms-required-label\">*<\/span><\/label><input type=\"email\" id=\"wpforms-4225-field_2\" class=\"wpforms-field-medium wpforms-field-required\" name=\"wpforms[fields][2]\" spellcheck=\"false\" required><\/div><\/div><!-- .wpforms-field-container --><div class=\"wpforms-submit-container\" ><input type=\"hidden\" name=\"wpforms[id]\" value=\"4225\"><input type=\"hidden\" name=\"page_title\" value=\"\"><input type=\"hidden\" name=\"page_url\" value=\"https:\/\/academilhas.com.br\/curso\/wp-json\/wp\/v2\/pages\/3547\"><input type=\"hidden\" name=\"url_referer\" value=\"\"><button type=\"submit\" name=\"wpforms[submit]\" id=\"wpforms-submit-4225\" class=\"wpforms-submit\" data-alt-text=\"Enviando ...\" data-submit-text=\"Baixar Calculadora de Milhas\" aria-live=\"assertive\" value=\"wpforms-submit\">Baixar Calculadora de Milhas<\/button><\/div><\/form><\/div>  <!-- .wpforms-container --><\/div>\n\t\t\t\t\t\t<\/div>\n\t\t\t\t<\/div>\n\t\t\t\t\t<\/div>\n\t\t<\/div>\n\t\t\t\t<div class=\"elementor-column elementor-col-33 elementor-top-column elementor-element elementor-element-5b06a3a\" data-id=\"5b06a3a\" data-element_type=\"column\">\n\t\t\t<div class=\"elementor-widget-wrap\">\n\t\t\t\t\t\t\t<\/div>\n\t\t<\/div>\n\t\t\t\t\t<\/div>\n\t\t<\/section>\n\t\t\t\t<\/div>\n\t\t","protected":false},"excerpt":{"rendered":"<p>Quer saber quantas milhas voc\u00ea perde por ano? Acesse nossa Calculadora de Milhas, descubra o quanto de milhas voc\u00ea j\u00e1 perdeue para onde essas milhas podem te levar!<\/p>\n","protected":false},"author":73,"featured_media":0,"parent":0,"menu_order":0,"comment_status":"closed","ping_status":"closed","template":"","meta":{"_uag_custom_page_level_css":"","site-sidebar-layout":"no-sidebar","site-content-layout":"page-builder","ast-global-header-display":"","ast-main-header-display":"","ast-hfb-above-header-display":"","ast-hfb-below-header-display":"","ast-hfb-mobile-header-display":"","site-post-title":"disabled","ast-breadcrumbs-content":"","ast-featured-img":"disabled","footer-sml-layout":"","theme-transparent-header-meta":"default","adv-header-id-meta":"","stick-header-meta":"","header-above-stick-meta":"","header-main-stick-meta":"","header-below-stick-meta":"","footnotes":""},"class_list":["post-3547","page","type-page","status-publish","hentry"],"yoast_head":"<!-- This site is optimized with the Yoast SEO plugin v26.9 - https:\/\/yoast.com\/product\/yoast-seo-wordpress\/ -->\n<title>Calculadora de Milhas - Curso Academilhas<\/title>\n<meta name=\"robots\" content=\"index, follow, max-snippet:-1, max-image-preview:large, max-video-preview:-1\" \/>\n<link rel=\"canonical\" href=\"https:\/\/academilhas.com.br\/curso\/calculadorademilhas\/\" \/>\n<meta property=\"og:locale\" content=\"pt_BR\" \/>\n<meta property=\"og:type\" content=\"article\" \/>\n<meta property=\"og:title\" content=\"Calculadora de Milhas - Curso Academilhas\" \/>\n<meta property=\"og:description\" content=\"Quer saber quantas milhas voc\u00ea perde por ano? Acesse nossa Calculadora de Milhas, descubra o quanto de milhas voc\u00ea j\u00e1 perdeue para onde essas milhas podem te levar!\" \/>\n<meta property=\"og:url\" content=\"https:\/\/academilhas.com.br\/curso\/calculadorademilhas\/\" \/>\n<meta property=\"og:site_name\" content=\"Curso Academilhas\" \/>\n<meta property=\"article:modified_time\" content=\"2022-07-12T16:32:13+00:00\" \/>\n<meta property=\"og:image\" content=\"https:\/\/academilhas.com.br\/curso\/wp-content\/uploads\/2022\/07\/top-view-tourist-items-arrangement-1024x302.jpg\" \/>\n<meta name=\"twitter:card\" content=\"summary_large_image\" \/>\n<script type=\"application\/ld+json\" class=\"yoast-schema-graph\">{\"@context\":\"https:\/\/schema.org\",\"@graph\":[{\"@type\":\"WebPage\",\"@id\":\"https:\/\/academilhas.com.br\/curso\/calculadorademilhas\/\",\"url\":\"https:\/\/academilhas.com.br\/curso\/calculadorademilhas\/\",\"name\":\"Calculadora de Milhas - Curso Academilhas\",\"isPartOf\":{\"@id\":\"https:\/\/academilhas.com.br\/curso\/#website\"},\"primaryImageOfPage\":{\"@id\":\"https:\/\/academilhas.com.br\/curso\/calculadorademilhas\/#primaryimage\"},\"image\":{\"@id\":\"https:\/\/academilhas.com.br\/curso\/calculadorademilhas\/#primaryimage\"},\"thumbnailUrl\":\"https:\/\/academilhas.com.br\/curso\/wp-content\/uploads\/2022\/07\/top-view-tourist-items-arrangement-1024x302.jpg\",\"datePublished\":\"2021-07-07T03:08:06+00:00\",\"dateModified\":\"2022-07-12T16:32:13+00:00\",\"breadcrumb\":{\"@id\":\"https:\/\/academilhas.com.br\/curso\/calculadorademilhas\/#breadcrumb\"},\"inLanguage\":\"pt-BR\",\"potentialAction\":[{\"@type\":\"ReadAction\",\"target\":[\"https:\/\/academilhas.com.br\/curso\/calculadorademilhas\/\"]}]},{\"@type\":\"ImageObject\",\"inLanguage\":\"pt-BR\",\"@id\":\"https:\/\/academilhas.com.br\/curso\/calculadorademilhas\/#primaryimage\",\"url\":\"https:\/\/academilhas.com.br\/curso\/wp-content\/uploads\/2022\/07\/top-view-tourist-items-arrangement.jpg\",\"contentUrl\":\"https:\/\/academilhas.com.br\/curso\/wp-content\/uploads\/2022\/07\/top-view-tourist-items-arrangement.jpg\",\"width\":1500,\"height\":443,\"caption\":\"calculadora de milhas academilhas\"},{\"@type\":\"BreadcrumbList\",\"@id\":\"https:\/\/academilhas.com.br\/curso\/calculadorademilhas\/#breadcrumb\",\"itemListElement\":[{\"@type\":\"ListItem\",\"position\":1,\"name\":\"In\u00edcio\",\"item\":\"https:\/\/academilhas.com.br\/curso\/\"},{\"@type\":\"ListItem\",\"position\":2,\"name\":\"Calculadora de Milhas\"}]},{\"@type\":\"WebSite\",\"@id\":\"https:\/\/academilhas.com.br\/curso\/#website\",\"url\":\"https:\/\/academilhas.com.br\/curso\/\",\"name\":\"Curso Academilhas\",\"description\":\"Curso Online\",\"publisher\":{\"@id\":\"https:\/\/academilhas.com.br\/curso\/#organization\"},\"potentialAction\":[{\"@type\":\"SearchAction\",\"target\":{\"@type\":\"EntryPoint\",\"urlTemplate\":\"https:\/\/academilhas.com.br\/curso\/?s={search_term_string}\"},\"query-input\":{\"@type\":\"PropertyValueSpecification\",\"valueRequired\":true,\"valueName\":\"search_term_string\"}}],\"inLanguage\":\"pt-BR\"},{\"@type\":\"Organization\",\"@id\":\"https:\/\/academilhas.com.br\/curso\/#organization\",\"name\":\"Curso Academilhas\",\"url\":\"https:\/\/academilhas.com.br\/curso\/\",\"logo\":{\"@type\":\"ImageObject\",\"inLanguage\":\"pt-BR\",\"@id\":\"https:\/\/academilhas.com.br\/curso\/#\/schema\/logo\/image\/\",\"url\":\"https:\/\/academilhas.com.br\/curso\/wp-content\/uploads\/2020\/01\/logo-academilhas-curso-para-acumular-milhas.png\",\"contentUrl\":\"https:\/\/academilhas.com.br\/curso\/wp-content\/uploads\/2020\/01\/logo-academilhas-curso-para-acumular-milhas.png\",\"width\":300,\"height\":50,\"caption\":\"Curso Academilhas\"},\"image\":{\"@id\":\"https:\/\/academilhas.com.br\/curso\/#\/schema\/logo\/image\/\"}}]}<\/script>\n<!-- \/ Yoast SEO plugin. -->","yoast_head_json":{"title":"Calculadora de Milhas - Curso Academilhas","robots":{"index":"index","follow":"follow","max-snippet":"max-snippet:-1","max-image-preview":"max-image-preview:large","max-video-preview":"max-video-preview:-1"},"canonical":"https:\/\/academilhas.com.br\/curso\/calculadorademilhas\/","og_locale":"pt_BR","og_type":"article","og_title":"Calculadora de Milhas - Curso Academilhas","og_description":"Quer saber quantas milhas voc\u00ea perde por ano? Acesse nossa Calculadora de Milhas, descubra o quanto de milhas voc\u00ea j\u00e1 perdeue para onde essas milhas podem te levar!","og_url":"https:\/\/academilhas.com.br\/curso\/calculadorademilhas\/","og_site_name":"Curso Academilhas","article_modified_time":"2022-07-12T16:32:13+00:00","og_image":[{"url":"https:\/\/academilhas.com.br\/curso\/wp-content\/uploads\/2022\/07\/top-view-tourist-items-arrangement-1024x302.jpg","type":"","width":"","height":""}],"twitter_card":"summary_large_image","schema":{"@context":"https:\/\/schema.org","@graph":[{"@type":"WebPage","@id":"https:\/\/academilhas.com.br\/curso\/calculadorademilhas\/","url":"https:\/\/academilhas.com.br\/curso\/calculadorademilhas\/","name":"Calculadora de Milhas - Curso Academilhas","isPartOf":{"@id":"https:\/\/academilhas.com.br\/curso\/#website"},"primaryImageOfPage":{"@id":"https:\/\/academilhas.com.br\/curso\/calculadorademilhas\/#primaryimage"},"image":{"@id":"https:\/\/academilhas.com.br\/curso\/calculadorademilhas\/#primaryimage"},"thumbnailUrl":"https:\/\/academilhas.com.br\/curso\/wp-content\/uploads\/2022\/07\/top-view-tourist-items-arrangement-1024x302.jpg","datePublished":"2021-07-07T03:08:06+00:00","dateModified":"2022-07-12T16:32:13+00:00","breadcrumb":{"@id":"https:\/\/academilhas.com.br\/curso\/calculadorademilhas\/#breadcrumb"},"inLanguage":"pt-BR","potentialAction":[{"@type":"ReadAction","target":["https:\/\/academilhas.com.br\/curso\/calculadorademilhas\/"]}]},{"@type":"ImageObject","inLanguage":"pt-BR","@id":"https:\/\/academilhas.com.br\/curso\/calculadorademilhas\/#primaryimage","url":"https:\/\/academilhas.com.br\/curso\/wp-content\/uploads\/2022\/07\/top-view-tourist-items-arrangement.jpg","contentUrl":"https:\/\/academilhas.com.br\/curso\/wp-content\/uploads\/2022\/07\/top-view-tourist-items-arrangement.jpg","width":1500,"height":443,"caption":"calculadora de milhas academilhas"},{"@type":"BreadcrumbList","@id":"https:\/\/academilhas.com.br\/curso\/calculadorademilhas\/#breadcrumb","itemListElement":[{"@type":"ListItem","position":1,"name":"In\u00edcio","item":"https:\/\/academilhas.com.br\/curso\/"},{"@type":"ListItem","position":2,"name":"Calculadora de Milhas"}]},{"@type":"WebSite","@id":"https:\/\/academilhas.com.br\/curso\/#website","url":"https:\/\/academilhas.com.br\/curso\/","name":"Curso Academilhas","description":"Curso Online","publisher":{"@id":"https:\/\/academilhas.com.br\/curso\/#organization"},"potentialAction":[{"@type":"SearchAction","target":{"@type":"EntryPoint","urlTemplate":"https:\/\/academilhas.com.br\/curso\/?s={search_term_string}"},"query-input":{"@type":"PropertyValueSpecification","valueRequired":true,"valueName":"search_term_string"}}],"inLanguage":"pt-BR"},{"@type":"Organization","@id":"https:\/\/academilhas.com.br\/curso\/#organization","name":"Curso Academilhas","url":"https:\/\/academilhas.com.br\/curso\/","logo":{"@type":"ImageObject","inLanguage":"pt-BR","@id":"https:\/\/academilhas.com.br\/curso\/#\/schema\/logo\/image\/","url":"https:\/\/academilhas.com.br\/curso\/wp-content\/uploads\/2020\/01\/logo-academilhas-curso-para-acumular-milhas.png","contentUrl":"https:\/\/academilhas.com.br\/curso\/wp-content\/uploads\/2020\/01\/logo-academilhas-curso-para-acumular-milhas.png","width":300,"height":50,"caption":"Curso Academilhas"},"image":{"@id":"https:\/\/academilhas.com.br\/curso\/#\/schema\/logo\/image\/"}}]}},"uagb_featured_image_src":{"full":false,"thumbnail":false,"medium":false,"medium_large":false,"large":false,"trip-thumb-size":false,"destination-thumb-size":false,"destination-thumb-trip-size":false,"activities-thumb-size":false,"trip-single-size":false,"1536x1536":false,"2048x2048":false,"woocommerce_thumbnail":false,"woocommerce_single":false,"woocommerce_gallery_thumbnail":false,"ppec_logo_image_size":false,"ppec_header_image_size":false},"uagb_author_info":{"display_name":"admin2","author_link":"https:\/\/academilhas.com.br\/curso\/author\/admin2\/"},"uagb_comment_info":0,"uagb_excerpt":"Quer saber quantas milhas voc\u00ea perde por ano? Acesse nossa Calculadora de Milhas, descubra o quanto de milhas voc\u00ea j\u00e1 perdeue para onde essas milhas podem te levar!","_links":{"self":[{"href":"https:\/\/academilhas.com.br\/curso\/wp-json\/wp\/v2\/pages\/3547","targetHints":{"allow":["GET"]}}],"collection":[{"href":"https:\/\/academilhas.com.br\/curso\/wp-json\/wp\/v2\/pages"}],"about":[{"href":"https:\/\/academilhas.com.br\/curso\/wp-json\/wp\/v2\/types\/page"}],"author":[{"embeddable":true,"href":"https:\/\/academilhas.com.br\/curso\/wp-json\/wp\/v2\/users\/73"}],"replies":[{"embeddable":true,"href":"https:\/\/academilhas.com.br\/curso\/wp-json\/wp\/v2\/comments?post=3547"}],"version-history":[{"count":18,"href":"https:\/\/academilhas.com.br\/curso\/wp-json\/wp\/v2\/pages\/3547\/revisions"}],"predecessor-version":[{"id":4715,"href":"https:\/\/academilhas.com.br\/curso\/wp-json\/wp\/v2\/pages\/3547\/revisions\/4715"}],"wp:attachment":[{"href":"https:\/\/academilhas.com.br\/curso\/wp-json\/wp\/v2\/media?parent=3547"}],"curies":[{"name":"wp","href":"https:\/\/api.w.org\/{rel}","templated":true}]}}